hat are the prime factors of z?
2, 3
Suppose 4*q - 2 = 3*w, -3*w - 2 = 5*q - 18. Let c(s) = -10 + s**q + 10 + 9*s. List the prime factors of c(-10).
2, 5
Suppose 3*r = 1 + 5. Let j(t) = -t**3 + 3*t**2 - 2*t. Let v be j(r). Suppose -3*k + v*k = d - 7, -2*d = -2. What are the prime factors of k?
2
Suppose 4*j - 5*z = -9*z + 1092, 0 = 5*j + 4*z - 1365. List the prime factors of j.
3, 7, 13
Suppose 4*n + 4*x - 5*x = 10, 4*n - 20 = -4*x. Suppose -i + n = -0*i, -5*b + 2 = -i. Let j = 16 - b. What are the prime factors of j?
3, 5
Let c be 3/(2*2/(-12)). List the prime factors of 9/(-6)*24/c.
2
Let d be 4/(-8)*(-11 + 1). Suppose 0*p - d*p - u = -23, -2*u + 21 = 5*p. List the prime factors of p.
5
Let z(w) = w**3 + 7*w**2 + 4*w - 8. Let t be z(-6). Suppose -t*p = -5*c + 39, -5*p + 0*p + 16 = 3*c. List the prime factors of c.
7
Suppose 5*t - 157 = -2*f - 56, 0 = 2*t - f - 44. What are the prime factors of t?
3, 7
Let v(w) = -w + 4. Let a be v(2). Let g = -1 + a. What are the prime factors of 6 - g - (0 + 2)?
3
List the prime factors of (-71)/((0 - -1)*-1).
71
Let r be (-6)/(-2) - (1 + 0). Let m = 12 + -3. Let q = m - r. List the prime factors of q.
7
Let p be (-434)/(-8) - 2/8. Suppose 3*s = -5*q + p, 5*q + s - 56 = -s. List the prime factors of q.
2, 3
Suppose -4*s + 108 = -0*s. Suppose -5*g = 5*l + 60, -2*g + 2*l - 7*l - 15 = 0. Let t = s + g. List the prime factors of t.
2, 3
List the prime factors of 17/((-5)/(-2) + -2).
2, 17
Let m be (-95)/7 + (-3)/7. Let x(t) = -t**2 - 16*t + 1. List the prime factors of x(m).
29
Let m(i) = 4*i**3 - i**2 - 1. Let x be m(2). Suppose 5*d - y = -0*y + 45, 4*y = 3*d - x. List the prime factors of d.
3
Let p = -3 - -9. Let v = p + -3. Suppose v*g - 40 = -g. What are the prime factors of g?
2, 5
What are the prime factors of 1/(-5)*2 - (-182)/5?
2, 3
Suppose 2*g - 252 = -5*y, 0*g + 5*g - 5*y = 595. List the prime factors of g.
11
Let d be (-9)/(-6)*8/3. List the prime factors of (0 + d)/(4/26).
2, 13
Let v be ((-6)/10)/(1/(-15)). What are the prime factors of 9*(2 + (-15)/v)?
3
Let r(g) = -13*g - 2. Let j(m) = -m - 1. Let q(x) = -3*j(x) - r(x). Let h(i) = -5*i - 2. Let p(t) = 7*h(t) + 2*q(t). List the prime factors of p(-4).
2
Let s be (-24)/2*(-1)/(-2). Let f(a) = -2*a**3 - a**2 + 1. Let w be f(-1). What are the prime factors of ((-28)/s)/(w/3)?
7
Let k(q) = -q**3 + 3*q**2 - 2*q - 3. Let p be k(3). Let d be 34/2 + 28/7. Let j = d + p. What are the prime factors of j?
2, 3
Let h(b) = -b**3 + 9*b**2 + 10*b + 5. List the prime factors of h(10).
5
Let v(q) = q**3 + 6*q**2 + q + 8. Let b be v(-6). Let x be (2 + 4/b)/1. Suppose 3*r = 4*k, 0 = x*r - 0*r - 2*k - 10. List the prime factors of r.
2
Suppose 0 = -4*r - 47 + 167. Suppose -25 = -5*i - x, -5*i - 5 = 3*x - r. Suppose 0 = f - i*f - y + 28, 3*f - 4*y = 40. What are the prime factors of f?
2
Let o(q) = q**3 - 9*q**2 + q - 7. Let r be o(9). Let s be (1 - 1 - 0)/r. Suppose s*u + 11 = u. What are the prime factors of u?
11
Let d(u) = u**2 - u + u**2 + 4 - 3. Let w be d(-2). Suppose -o = -4*i + 1 + w, -4*o + 20 = i. List the prime factors of o.
2
Suppose 2*h = 0, b + b + 2*h = -2. Let q = 3 + b. Suppose q*u = u + 11. List the prime factors of u.
11
Let u = 3 - -2. Let m(z) = 2*z**2 - 3*z - 6. Let i be m(u). Suppose -4*q - 20 = 0, 3*c - 4*q = -i + 88. List the prime factors of c.
13
Let u(k) = k**2 + 3*k - 14. What are the prime factors of u(-7)?
2, 7
Suppose -2*z = 4*l - 54, z - 2*z + 15 = l. What are the prime factors of l?
2, 3
Suppose 4*d - d - 87 = 0. List the prime factors of d.
29
Suppose -n - 5*t + 36 = 0, -5*t + 11 = 2*n - 66. What are the prime factors of n?
41
Let t(g) = g + 7. Let r be t(-3). Let x = r - -2. What are the prime factors of x?
2, 3
Suppose -3*z = -5*d - 147, d + 2*z = -0*d - 19. Let u = 54 + d. What are the prime factors of u/3 + (-6)/2?
2, 3
Let s(f) = -16*f - 2. List the prime factors of s(-2).
2, 3, 5
Let u be 2 - 0 - (-12)/(-4). What are the prime factors of u/(-1)*(14 - 5)?
3
Let x = 14 - 8. Let d(r) be the third derivative of -r**6/120 + 7*r**5/60 - r**4/6 - 5*r**3/6 + 3*r**2. List the prime factors of d(x).
7
Suppose -1967 + 17 = -5*w. What are the prime factors of w/25 - 4/(-10)?
2
Let l be (1 - 1)*1/1. Suppose -4*q + 4 = 4*s - 0, 11 = 4*s - 3*q. Suppose -z + b + 8 + s = l, 70 = 3*z + 5*b. What are the prime factors of z?
3, 5
Suppose 110 = 3*r - 4. What are the prime factors of r?
2, 19
Let i = 4 - 3. What are the prime factors of i + 30 + (-4)/(-2)?
3, 11
Let n(x) = x**2 - 4*x + 8. List the prime factors of n(8).
2, 5
Suppose -19 = 3*r - 1. Let f(h) = h - 7. Let c be f(r). Let g = c + 19. What are the prime factors of g?
2, 3
Suppose i - 65 - 128 = 0. List the prime factors of i.
193
Suppose -4*v - 75 = v + 5*j, j + 28 = -2*v. Let i be (-1)/2 - v/2. What are the prime factors of (i/(-8))/((-5)/40)?
2, 3
Suppose -5*u - 5*v = -3*v + 49, -5*v = -3*u - 17. What are the prime factors of (-27)/(-2) + u/(-6)?
3, 5
Let r = -2 + -4. List the prime factors of r/(-9)*6 - -3.
7
Let n(x) = x**2 - 10. Let p be n(-5). Let j = p - 6. What are the prime factors of j?
3
Let x = 1 + 0. Let d be x/(-3) + (-68)/3. Let o = 32 + d. List the prime factors of o.
3
Let u(c) = 80*c**2 + c. Let d be u(1). Let z = d - 40. List the prime factors of z.
41
Suppose -105 - 755 = -5*v. List the prime factors of v.
2, 43
Suppose 0 = 2*x + 5*s - 25, -2*s - s + 42 = 3*x. Let w = x + -11. Suppose -4*k = -2*b - 30, w*k - 2*b = -4*b + 42. What are the prime factors of k?
3
Suppose 4*n - 12 = -0*n. Suppose n*o = -5*c + 41, -5*c + 56 = 5*o - 19. List the prime factors of o.
17
Suppose -g + 2*c - 7 = 0, 0*c = -3*g + 2*c - 1. Suppose 0 = r + 3*q - 27, 4*r - g*r + 4*q - 30 = 0. List the prime factors of r.
2, 3
Let d = -36 - -63. Let b be d/4 + (-1)/(-4). List the prime factors of 0/3 - b*-2.
2, 7
Let l(g) = 14*g**2 + 3*g + 2. List the prime factors of l(-1).
13
Let v be ((-3)/(-9)*0)/(-1). Suppose v = 3*f - 9 - 9. List the prime factors of (-14)/(-4) - f/4.
2
Suppose -3*x + 4*x - 10 = 2*n, -2*x = 5*n + 34. Let g be 3/(-6)*2 - n. Suppose 4 = t - o, 3*t + 0*t + g*o = -4. List the prime factors of t.
2
Let g = 190 + -131. Suppose 4*b - g - 27 = 2*d, 5*b + 4*d = 101. What are the prime factors of b?
3, 7
Let f(s) = 1. Let p(z) = -z + 5. Let t(a) = -3*f(a) + p(a). Let d be t(2). Suppose -x = -3 - d. What are the prime factors of x?
3
Suppose 2*t - 2*h = 2*h - 8, -2*h + 12 = -3*t. Let i(p) = p**3 + 4*p**2 - 7*p - 5. List the prime factors of i(t).
23
Suppose -2*y + 5*a = -293, -y + 0*y + 146 = -3*a. List the prime factors of y.
149
Suppose 0 = 5*h + 10, 0 = 2*g + 3*g - 5*h - 915. List the prime factors of g.
181
Suppose -2*q = 4*l + 18, 6*q - 2*q = -2*l - 24. Let h be 3 - (l/(-2) - 2). Suppose i + 15 = j + 6*i, 0 = -4*i + h. What are the prime factors of j?
2, 5
Suppose 5*h + 35 = 5. List the prime factors of (h*7)/((-15)/10).
2, 7
Suppose 0 = 3*x - 5*x + 18. Let l = x + -7. Suppose -s = -l*s + 9. What are the prime factors of s?
3
Let f(r) = -r**3 - 7*r**2 + 9. Let p = 10 + -18. Let j = 1 + p. List the prime factors of f(j).
3
Suppose -6 - 1 = -m. List the prime factors of m.
7
Let g = 8 + -3. Suppose g*m - 6 = -1. Let t = m - -3. What are the prime factors of t?
2
Let p(y) = -3 + 3*y + 1 - y**3 - y**2 + 3. List the prime factors of p(-3).
2, 5
Let l = 26 + -14. What are the prime factors of l?
2, 3
Let y = 3 + -2. Suppose y = -2*b + 19. List the prime factors of b.
3
Suppose 2*h + 5 - 9 = 0. Suppose 0 = -0*t - 4*t + 4*l + 36, -33 = -h*t - l. List the prime factors of t.
2, 7
Let x = -51 - -128. What are the prime factors of x?
7, 11
Let v(s) = s**2 + 3*s + 3. Let c(f) = f**2 + 6*f - 3. Let r be c(-7). Let b be v(r). Let l = -17 + b. What are the prime factors of l?
2, 7
Suppose w - 12 = -0*w. Suppose 0 = c - 2*c + w. What are the prime factors of c?
2, 3
Suppose 3 = -d - 2*j + 5, -4*d = -4*j - 68. What are the prime factors of d?
2, 3
What are the prime factors of (136/6)/((-5)/(-30))?
2, 17
Suppose -142*o - 243 = -145*o. List the prime factors of o.
3
Suppose 0*f - 2*f - 42 = 0. Let x = f - -31. List the prime factors of x.
2, 5
Suppose x = 5 - 2. Let j = x + -10. Let f(h) = h**3 + 8*h**2 + 7*h + 10. What are the prime factors of f(j)?
2, 5
Let r = -24 - -12. What are the prime fac